{"id":125,"date":"2025-09-27T17:38:48","date_gmt":"2025-09-27T15:38:48","guid":{"rendered":"https:\/\/troisi-group.com\/informatique\/?page_id=125"},"modified":"2025-09-27T17:38:48","modified_gmt":"2025-09-27T15:38:48","slug":"virtualisation","status":"publish","type":"page","link":"https:\/\/troisi-group.com\/informatique\/virtualisation\/","title":{"rendered":"Virtualisation"},"content":{"rendered":"","protected":false},"excerpt":{"rendered":"","protected":false},"author":1,"featured_media":0,"parent":0,"menu_order":0,"comment_status":"closed","ping_status":"closed","template":"","meta":{"footnotes":""},"class_list":["post-125","page","type-page","status-publish","hentry"],"yoast_head":"<!-- This site is optimized with the Yoast SEO plugin v27.3 - https:\/\/yoast.com\/product\/yoast-seo-wordpress\/ -->\n<title>Virtualisation - Expertise IT, S\u00e9curit\u00e9 R\u00e9seau et Audit Informatique en C\u00f4te d&#039;Ivoire<\/title>\n<meta name=\"robots\" content=\"index, follow, max-snippet:-1, max-image-preview:large, max-video-preview:-1\" \/>\n<link rel=\"canonical\" href=\"https:\/\/troisi-group.com\/informatique\/virtualisation\/\" \/>\n<meta property=\"og:locale\" content=\"fr_FR\" \/>\n<meta property=\"og:type\" content=\"article\" \/>\n<meta property=\"og:title\" content=\"Virtualisation - Expertise IT, S\u00e9curit\u00e9 R\u00e9seau et Audit Informatique en C\u00f4te d&#039;Ivoire\" \/>\n<meta property=\"og:url\" content=\"https:\/\/troisi-group.com\/informatique\/virtualisation\/\" \/>\n<meta property=\"og:site_name\" content=\"Expertise IT, S\u00e9curit\u00e9 R\u00e9seau et Audit Informatique en C\u00f4te d&#039;Ivoire\" \/>\n<meta name=\"twitter:card\" content=\"summary_large_image\" \/>\n<script type=\"application\/ld+json\" class=\"yoast-schema-graph\">{\"@context\":\"https:\\\/\\\/schema.org\",\"@graph\":[{\"@type\":\"WebPage\",\"@id\":\"https:\\\/\\\/troisi-group.com\\\/informatique\\\/virtualisation\\\/\",\"url\":\"https:\\\/\\\/troisi-group.com\\\/informatique\\\/virtualisation\\\/\",\"name\":\"Virtualisation - Expertise IT, S\u00e9curit\u00e9 R\u00e9seau et Audit Informatique en C\u00f4te d&#039;Ivoire\",\"isPartOf\":{\"@id\":\"https:\\\/\\\/troisi-group.com\\\/informatique\\\/#website\"},\"datePublished\":\"2025-09-27T15:38:48+00:00\",\"breadcrumb\":{\"@id\":\"https:\\\/\\\/troisi-group.com\\\/informatique\\\/virtualisation\\\/#breadcrumb\"},\"inLanguage\":\"fr-FR\",\"potentialAction\":[{\"@type\":\"ReadAction\",\"target\":[\"https:\\\/\\\/troisi-group.com\\\/informatique\\\/virtualisation\\\/\"]}]},{\"@type\":\"BreadcrumbList\",\"@id\":\"https:\\\/\\\/troisi-group.com\\\/informatique\\\/virtualisation\\\/#breadcrumb\",\"itemListElement\":[{\"@type\":\"ListItem\",\"position\":1,\"name\":\"Home\",\"item\":\"https:\\\/\\\/troisi-group.com\\\/informatique\\\/\"},{\"@type\":\"ListItem\",\"position\":2,\"name\":\"Virtualisation\"}]},{\"@type\":\"WebSite\",\"@id\":\"https:\\\/\\\/troisi-group.com\\\/informatique\\\/#website\",\"url\":\"https:\\\/\\\/troisi-group.com\\\/informatique\\\/\",\"name\":\"Expertise IT, S\u00e9curit\u00e9 R\u00e9seau et Audit Informatique en C\u00f4te d&#039;Ivoire\",\"description\":\"L&#039;informatique au bout des doigts\",\"publisher\":{\"@id\":\"https:\\\/\\\/troisi-group.com\\\/informatique\\\/#organization\"},\"potentialAction\":[{\"@type\":\"SearchAction\",\"target\":{\"@type\":\"EntryPoint\",\"urlTemplate\":\"https:\\\/\\\/troisi-group.com\\\/informatique\\\/?s={search_term_string}\"},\"query-input\":{\"@type\":\"PropertyValueSpecification\",\"valueRequired\":true,\"valueName\":\"search_term_string\"}}],\"inLanguage\":\"fr-FR\"},{\"@type\":\"Organization\",\"@id\":\"https:\\\/\\\/troisi-group.com\\\/informatique\\\/#organization\",\"name\":\"Expertise IT, S\u00e9curit\u00e9 R\u00e9seau et Audit Informatique en C\u00f4te d&#039;Ivoire\",\"url\":\"https:\\\/\\\/troisi-group.com\\\/informatique\\\/\",\"logo\":{\"@type\":\"ImageObject\",\"inLanguage\":\"fr-FR\",\"@id\":\"https:\\\/\\\/troisi-group.com\\\/informatique\\\/#\\\/schema\\\/logo\\\/image\\\/\",\"url\":\"https:\\\/\\\/troisi-group.com\\\/informatique\\\/wp-content\\\/uploads\\\/2025\\\/08\\\/Logo-TROISI-GROUP_Plan-de-travail-1.png\",\"contentUrl\":\"https:\\\/\\\/troisi-group.com\\\/informatique\\\/wp-content\\\/uploads\\\/2025\\\/08\\\/Logo-TROISI-GROUP_Plan-de-travail-1.png\",\"width\":14146,\"height\":5966,\"caption\":\"Expertise IT, S\u00e9curit\u00e9 R\u00e9seau et Audit Informatique en C\u00f4te d&#039;Ivoire\"},\"image\":{\"@id\":\"https:\\\/\\\/troisi-group.com\\\/informatique\\\/#\\\/schema\\\/logo\\\/image\\\/\"}}]}<\/script>\n<!-- \/ Yoast SEO plugin. -->","yoast_head_json":{"title":"Virtualisation - Expertise IT, S\u00e9curit\u00e9 R\u00e9seau et Audit Informatique en C\u00f4te d&#039;Ivoire","robots":{"index":"index","follow":"follow","max-snippet":"max-snippet:-1","max-image-preview":"max-image-preview:large","max-video-preview":"max-video-preview:-1"},"canonical":"https:\/\/troisi-group.com\/informatique\/virtualisation\/","og_locale":"fr_FR","og_type":"article","og_title":"Virtualisation - Expertise IT, S\u00e9curit\u00e9 R\u00e9seau et Audit Informatique en C\u00f4te d&#039;Ivoire","og_url":"https:\/\/troisi-group.com\/informatique\/virtualisation\/","og_site_name":"Expertise IT, S\u00e9curit\u00e9 R\u00e9seau et Audit Informatique en C\u00f4te d&#039;Ivoire","twitter_card":"summary_large_image","schema":{"@context":"https:\/\/schema.org","@graph":[{"@type":"WebPage","@id":"https:\/\/troisi-group.com\/informatique\/virtualisation\/","url":"https:\/\/troisi-group.com\/informatique\/virtualisation\/","name":"Virtualisation - Expertise IT, S\u00e9curit\u00e9 R\u00e9seau et Audit Informatique en C\u00f4te d&#039;Ivoire","isPartOf":{"@id":"https:\/\/troisi-group.com\/informatique\/#website"},"datePublished":"2025-09-27T15:38:48+00:00","breadcrumb":{"@id":"https:\/\/troisi-group.com\/informatique\/virtualisation\/#breadcrumb"},"inLanguage":"fr-FR","potentialAction":[{"@type":"ReadAction","target":["https:\/\/troisi-group.com\/informatique\/virtualisation\/"]}]},{"@type":"BreadcrumbList","@id":"https:\/\/troisi-group.com\/informatique\/virtualisation\/#breadcrumb","itemListElement":[{"@type":"ListItem","position":1,"name":"Home","item":"https:\/\/troisi-group.com\/informatique\/"},{"@type":"ListItem","position":2,"name":"Virtualisation"}]},{"@type":"WebSite","@id":"https:\/\/troisi-group.com\/informatique\/#website","url":"https:\/\/troisi-group.com\/informatique\/","name":"Expertise IT, S\u00e9curit\u00e9 R\u00e9seau et Audit Informatique en C\u00f4te d&#039;Ivoire","description":"L&#039;informatique au bout des doigts","publisher":{"@id":"https:\/\/troisi-group.com\/informatique\/#organization"},"potentialAction":[{"@type":"SearchAction","target":{"@type":"EntryPoint","urlTemplate":"https:\/\/troisi-group.com\/informatique\/?s={search_term_string}"},"query-input":{"@type":"PropertyValueSpecification","valueRequired":true,"valueName":"search_term_string"}}],"inLanguage":"fr-FR"},{"@type":"Organization","@id":"https:\/\/troisi-group.com\/informatique\/#organization","name":"Expertise IT, S\u00e9curit\u00e9 R\u00e9seau et Audit Informatique en C\u00f4te d&#039;Ivoire","url":"https:\/\/troisi-group.com\/informatique\/","logo":{"@type":"ImageObject","inLanguage":"fr-FR","@id":"https:\/\/troisi-group.com\/informatique\/#\/schema\/logo\/image\/","url":"https:\/\/troisi-group.com\/informatique\/wp-content\/uploads\/2025\/08\/Logo-TROISI-GROUP_Plan-de-travail-1.png","contentUrl":"https:\/\/troisi-group.com\/informatique\/wp-content\/uploads\/2025\/08\/Logo-TROISI-GROUP_Plan-de-travail-1.png","width":14146,"height":5966,"caption":"Expertise IT, S\u00e9curit\u00e9 R\u00e9seau et Audit Informatique en C\u00f4te d&#039;Ivoire"},"image":{"@id":"https:\/\/troisi-group.com\/informatique\/#\/schema\/logo\/image\/"}}]}},"_links":{"self":[{"href":"https:\/\/troisi-group.com\/informatique\/wp-json\/wp\/v2\/pages\/125","targetHints":{"allow":["GET"]}}],"collection":[{"href":"https:\/\/troisi-group.com\/informatique\/wp-json\/wp\/v2\/pages"}],"about":[{"href":"https:\/\/troisi-group.com\/informatique\/wp-json\/wp\/v2\/types\/page"}],"author":[{"embeddable":true,"href":"https:\/\/troisi-group.com\/informatique\/wp-json\/wp\/v2\/users\/1"}],"replies":[{"embeddable":true,"href":"https:\/\/troisi-group.com\/informatique\/wp-json\/wp\/v2\/comments?post=125"}],"version-history":[{"count":1,"href":"https:\/\/troisi-group.com\/informatique\/wp-json\/wp\/v2\/pages\/125\/revisions"}],"predecessor-version":[{"id":142,"href":"https:\/\/troisi-group.com\/informatique\/wp-json\/wp\/v2\/pages\/125\/revisions\/142"}],"wp:attachment":[{"href":"https:\/\/troisi-group.com\/informatique\/wp-json\/wp\/v2\/media?parent=125"}],"curies":[{"name":"wp","href":"https:\/\/api.w.org\/{rel}","templated":true}]}}